{"id":175,"date":"2020-02-08T22:23:59","date_gmt":"2020-02-08T22:23:59","guid":{"rendered":"https:\/\/enixton.com\/articulosnuevosyusados\/?page_id=175"},"modified":"2020-02-09T03:53:53","modified_gmt":"2020-02-09T03:53:53","slug":"aviso-de-privacidad","status":"publish","type":"page","link":"https:\/\/enixton.com\/articulosnuevosyusados\/aviso-de-privacidad\/","title":{"rendered":"Aviso de privacidad"},"content":{"rendered":"\t\t<div data-elementor-type=\"wp-page\" data-elementor-id=\"175\" class=\"elementor elementor-175\">\n\t\t\t\t\t\t<section class=\"elementor-section elementor-top-section elementor-element elementor-element-9745501 elementor-section-boxed elementor-section-height-default elementor-section-height-default\" data-id=\"9745501\" data-element_type=\"section\" data-e-type=\"section\">\n\t\t\t\t\t\t<div class=\"elementor-container elementor-column-gap-default\">\n\t\t\t\t\t<div class=\"elementor-column elementor-col-100 elementor-top-column elementor-element elementor-element-27f7019\" data-id=\"27f7019\" data-element_type=\"column\" data-e-type=\"column\">\n\t\t\t<div class=\"elementor-widget-wrap elementor-element-populated\">\n\t\t\t\t\t\t<div class=\"elementor-element elementor-element-81dc704 elementor-widget elementor-widget-heading\" data-id=\"81dc704\" data-element_type=\"widget\" data-e-type=\"widget\" data-widget_type=\"heading.default\">\n\t\t\t\t<div class=\"elementor-widget-container\">\n\t\t\t\t\t<h2 class=\"elementor-heading-title elementor-size-xl\">Aviso de privacidad<\/h2>\t\t\t\t<\/div>\n\t\t\t\t<\/div>\n\t\t\t\t<div class=\"elementor-element elementor-element-8039bb7 elementor-widget elementor-widget-text-editor\" data-id=\"8039bb7\" data-element_type=\"widget\" data-e-type=\"widget\" data-widget_type=\"text-editor.default\">\n\t\t\t\t<div class=\"elementor-widget-container\">\n\t\t\t\t\t\t\t\t\t<p>Aviso de Privacidad<\/p><p><strong>Cl\u00e1usula I.- Identidad y domicilio del responsable<\/strong><\/p><p><strong>DEEM)<\/strong>, CON DOMICILIO EN CORREGIDORA N 1 COL CENTRO CP. 76000 QUERETARO QUERETARO.<\/p><p><strong>Cl\u00e1usula II.-Datos personales para realizar el tratamiento.<\/strong><\/p><p>Para llevar a cabo las finalidades descritas en el presente aviso de privacidad, utilizaremos datos personales de: identificaci\u00f3n, contacto, ubicaci\u00f3n, referencias laborales y personales, biom\u00e9tricos, patrimoniales, financieros, sociodemogr\u00e1ficos, as\u00ed como im\u00e1genes y sonidos para la seguridad en nuestras instalaciones y para la acreditaci\u00f3n de la identidad de nuestros clientes.<\/p><p><strong>Cl\u00e1usula III.- Finalidades del tratamiento.<\/strong><\/p><p>Los datos personales que le proporcione a DEEM, ser\u00e1n utilizados exclusivamente para la realizaci\u00f3n de actividades que pudieran dar origen a una relaci\u00f3n jur\u00eddica derivada de operaciones prendarias, ventas en Tienda DEEM y cr\u00e9ditos, para la validaci\u00f3n, verificaci\u00f3n y actualizaci\u00f3n de datos personales proporcionados por el titular, as\u00ed como, para aquellas actividades secundarias, con fines de mercadotecnia, publicitarios, de prospecci\u00f3n comercial de nuevos productos y servicios, seguridad en nuestras instalaciones, compartir sus datos personales con personas de quien se tenga el control accionario y para llevar acabo actividades enfocadas a fomentar la actualizaci\u00f3n de datos personales que nos ayude a mejorar los servicios proporcionados por DEEM.<\/p><p><strong>Cl\u00e1usula IV.- Negativa al tratamiento de datos personales<\/strong><\/p><p>Si el titular desea que sus datos personales no sean tratados para los fines secundarios antes mencionados, puede presentar desde este momento un escrito en las oficinas de DEEM, manifestando lo anterior. Solicite el formato correspondiente en la sucursal m\u00e1s cercana o al correo electr\u00f3nico<u> IVANDELAPARRA06@HOTMAIL.COM<\/u><\/p><p>Los medios de contacto que utilizaremos para las finalidades descritas en el presente aviso son: presencial en sucursal, domicilio o trabajo, telef\u00f3nico, correo electr\u00f3nico, mensaje de texto a tel\u00e9fono m\u00f3vil (SMS), correo tradicional (red postal), redes sociales o cualquier otro que usted nos indique.<\/p><p>El titular tiene un plazo de cinco d\u00edas h\u00e1biles para que, de ser el caso, manifieste su negativa para el tratamiento de sus datos personales con respecto a las finalidades que no son necesarias, ni dieron origen a la relaci\u00f3n jur\u00eddica.<\/p><p><strong>Cl\u00e1usula V.- Datos personales sensibles<\/strong><\/p><p>Adem\u00e1s de los datos personales mencionados anteriormente, para las finalidades informadas en el presente Aviso de Privacidad utilizaremos los siguientes datos personales considerados como sensibles, que requieren de especial protecci\u00f3n: Datos de salud.<\/p><p><strong>Cl\u00e1usula VI.- Transferencias<\/strong><\/p><p>Le informamos que sus datos personales podr\u00e1n ser compartidos con las siguientes personas, empresas, organizaciones y autoridades distintas a nosotros, para los siguientes fines:<\/p><table width=\"921\"><tbody><tr><td width=\"314\"><strong>Destinatario de los datos personales<\/strong><\/td><td><strong>Finalidad<\/strong><\/td><\/tr><tr><td width=\"314\">Asesores externos<\/td><td>Cumplimiento regulatorio y de control interno de la operaci\u00f3n y del negocio<\/td><\/tr><tr><td width=\"314\">Aseguradoras<\/td><td>Seguimiento a p\u00f3lizas de seguros<\/td><\/tr><tr><td width=\"314\">Servicios inform\u00e1ticos externos<\/td><td>Soporte t\u00e9cnico<\/td><\/tr><tr><td width=\"314\">Servicios de mercadotecnia externos<\/td><td>Desarrollo de estrategias de mercado y de prospecci\u00f3n comercial*<\/td><\/tr><tr><td width=\"314\">Promoci\u00f3n y publicidad externa<\/td><td><p>Actividades de promoci\u00f3n de marca, informar nuevos productos y servicios para efectos de calidad en el servicio*<\/p><p>Promover y otorgar productos y\/o servicios de cr\u00e9dito*<\/p><\/td><\/tr><tr><td width=\"314\">Sociedades de informaci\u00f3n crediticia<\/td><td>Obtenci\u00f3n de historial crediticio<\/td><\/tr><tr><td width=\"314\">Personas de quien se ejerza el control accionario<\/td><td>Para llevar a cabo las finalidades principales descritas en su Aviso de Privacidad*, as\u00ed como para fines de mercadotecnia*, publicidad*, prospecci\u00f3n comercial* o cesi\u00f3n de cr\u00e9ditos<\/td><\/tr><tr><td width=\"314\">Administraci\u00f3n de cartera de cr\u00e9dito externa<\/td><td>Administraci\u00f3n, gesti\u00f3n y cobranza de cartera de cr\u00e9dito.<\/td><\/tr><\/tbody><\/table><p>Nos comprometemos a no transferir su informaci\u00f3n personal a terceros sin su consentimiento, salvo las excepciones previstas en el art. 37 de la Ley Federal de Protecci\u00f3n de Datos Personales en Posesi\u00f3n de los Particulares.<\/p><p><strong>Cl\u00e1usula VII.- Aceptaci\u00f3n u oposici\u00f3n de transferencias o negativa al tratamiento de datos personales.<\/strong><\/p><p>Le informamos que para las trasferencias indicadas con un (*) en la Cl\u00e1usula VI, requerimos obtener su consentimiento. Si usted no manifiesta su negativa para dichas transferencias, entenderemos que nos lo ha otorgado.<\/p><p>En caso de que desee que sus datos personales no sean trasferidos para los fines secundarios (marcadas con * en la Cl\u00e1usula VI) a las que dieron origen a la relaci\u00f3n jur\u00eddica, el titular puede presentar su solicitud a trav\u00e9s del correo electr\u00f3nico\u00a0<u>IVANDELAPARRA06@HOTMAIL.COM<\/u> o presentar un escrito libre o a trav\u00e9s del formato \u201cOposici\u00f3n de trasferencia o negativa de tratamiento de datos personales\u201d, el cual debe solicitar en la sucursal m\u00e1s cercana.<\/p><p>Se entender\u00e1 que ha otorgado su consentimiento para el tratamiento de sus datos personales descritos en el presente aviso, para ello con el registro de su huella dactilar f\u00edsica o electr\u00f3nica, firma aut\u00f3grafa expresa en el resumen del objeto del contrato de mutuo con inter\u00e9s y garant\u00eda prendaria (papeleta de amarre desprendible del contrato), papeleta de consentimiento de validaci\u00f3n de datos, a trav\u00e9s de su aceptaci\u00f3n en las casillas electr\u00f3nicas en nuestra p\u00e1gina de internet o sitios electr\u00f3nicos, firma aut\u00f3grafa en las diferentes modalidades del aviso de privacidad , firma electr\u00f3nica, cuando no exista negativa expresa para el tratamiento de sus datos, consentimiento verbal de manera presencial o mediante el uso de tecnolog\u00eda, o cualquier mecanismo de autenticaci\u00f3n que al efecto se establezca.<\/p><p>Es importante que tenga en cuenta que para revocar el consentimiento del tratamiento de datos personales, no en todos los casos podremos atender su solicitud o concluir el uso de forma inmediata, ya que es posible que por alguna obligaci\u00f3n legal requiramos seguir tratando sus datos personales. Asimismo, usted deber\u00e1 considerar que para ciertos fines, la revocaci\u00f3n de su consentimiento implicar\u00e1 que no le podamos seguir prestando el servicio que nos solicit\u00f3, o la conclusi\u00f3n de su relaci\u00f3n con nosotros.<\/p><p>Para dar cumplimiento a la obligaci\u00f3n de acceso el DEEM \u00a0pondr\u00e1 a disposici\u00f3n los datos personales en sitio de manera electr\u00f3nica previa acreditaci\u00f3n de la personalidad del titular, en caso de requerir copia simple de sus datos, el titular lo tendr\u00e1 que solicitar por escrito y le ser\u00e1n entregados de manera gratuita, dentro del plazo de 20 d\u00edas naturales, a partir de la fecha de la solicitud, en la sucursal donde los requiri\u00f3.<\/p><p><strong>Cl\u00e1usula IX.- Opciones y medios para limitar el uso o divulgaci\u00f3n de sus datos personales<\/strong><\/p><p>Con objeto de que usted pueda limitar el uso y divulgaci\u00f3n de su informaci\u00f3n personal, le ofrecemos los siguientes medios:<\/p><p>Su inscripci\u00f3n en el Registro P\u00fablico para evitar publicidad, que est\u00e1 a cargo de la Procuradur\u00eda Federal del Consumidor, con la finalidad de que sus datos personales no sean utilizados para recibir publicidad o promociones de empresas de bienes o servicios. Para mayor informaci\u00f3n sobre este registro, usted puede consultar el portal de Internet de la PROFECO, o bien ponerse en contacto directo con \u00e9sta.<\/p><p>Su registro en el listado de exclusi\u00f3n de DEEM, a fin de que sus datos personales no sean tratados para fines mercadot\u00e9cnicos, publicitarios o de prospecci\u00f3n comercial por nuestra parte. Para mayor informaci\u00f3n, enviar un correo electr\u00f3nico a la siguiente direcci\u00f3n\u00a0<u>IVANDELAPARRA06@HOTMAIL.COM<\/u><\/p><p>El titular podr\u00e1 manifestar su negativa a seguir recibiendo comunicados o promociones de nuestra parte, mediante su registro en las listas de exclusi\u00f3n del responsable (DEEM), \u00a0para conocer procedimientos y requisitos ponemos a tu disposici\u00f3n el correo electr\u00f3nico\u00a0<u>IVANDELAPARRA06@HOTMAIL.COM<\/u><\/p><p><strong>Cl\u00e1usula X.- Uso de tecnolog\u00eda en Internet.<\/strong><\/p><p>Le informamos que en nuestro sitio web utilizamos cookies, rastreadores GIF, etiquetas de p\u00edxel y Google Analytics\u00a0a trav\u00e9s de las cuales es posible monitorear su comportamiento como usuario de Internet, as\u00ed como brindarle un mejor servicio y experiencia de usuario al navegar en nuestra p\u00e1gina.<\/p><p>Los datos personales que obtenemos de estas tecnolog\u00edas de rastreo son los siguientes: Direcci\u00f3n IP o http cookie, el sistema operativo del usuario, URL, horario y tiempo de navegaci\u00f3n, Hit, p\u00e1gina, archivo, visita, host y navegador. Adicional a lo anterior, usted nos puede proporcionar de manera directa en nuestro sitio web, datos de identificaci\u00f3n, contacto y ubicaci\u00f3n as\u00ed como fechas de cumplea\u00f1os, mismos que utilizaremos para: Fines de identificaci\u00f3n y verificaci\u00f3n de datos, informativos, promociones y publicidad, atenci\u00f3n y seguimiento de quejas, estad\u00edsticos y las dem\u00e1s finalidades descritas en el presente aviso.<\/p><p>Asimismo, le informamos que los datos recabados por DEEM mediante el uso de las tecnolog\u00edas antes mencionadas (cookies), no se transfieren a un tercero.<\/p><p>Para mayor informaci\u00f3n sobre el uso de estas tecnolog\u00edas, as\u00ed como la manera de deshabilitarlas, puede consultar nuestra sitio web\u00a0<em>www.DEEM<\/em> \u00a0\u00a0en nuestra secci\u00f3n Aviso de Privacidad, apartado Mecanismos para deshabilitar tecnolog\u00edas de rastreo.<\/p><p><strong>Cl\u00e1usula XI.- Videograbaci\u00f3n en zonas de vigilancia<\/strong><\/p><p>Nuestras instalaciones cuentan con zonas de video vigilancia, las im\u00e1genes y sonidos captados por las c\u00e1maras ser\u00e1n utilizados para su seguridad y de las personas que nos visitan, mismas que ser\u00e1n almacenadas y resguardadas bajo los t\u00e9rminos de la Ley Federal de Protecci\u00f3n de Datos Personales en Posesi\u00f3n de los Particulares.<\/p><p>Atentamente,<\/p><p>CASA DE EMPE\u00d1O DINERO EN EL MOMENTO DEEM<\/p>\t\t\t\t\t\t\t\t<\/div>\n\t\t\t\t<\/div>\n\t\t\t\t\t<\/div>\n\t\t<\/div>\n\t\t\t\t\t<\/div>\n\t\t<\/section>\n\t\t\t\t<\/div>\n\t\t","protected":false},"excerpt":{"rendered":"<p>Aviso de privacidad Aviso de Privacidad Cl\u00e1usula I.- Identidad y domicilio del responsable DEEM), CON DOMICILIO EN CORREGIDORA N 1 COL CENTRO CP. 76000 QUERETARO QUERETARO. Cl\u00e1usula II.-Datos personales para realizar el tratamiento. Para llevar a cabo las finalidades descritas en el presente aviso de privacidad, utilizaremos datos personales de: identificaci\u00f3n, contacto, ubicaci\u00f3n, referencias laborales &#8230; <a title=\"Aviso de privacidad\" class=\"read-more\" href=\"https:\/\/enixton.com\/articulosnuevosyusados\/aviso-de-privacidad\/\" aria-label=\"More on Aviso de privacidad\">Read more<\/a><\/p>\n","protected":false},"author":1,"featured_media":0,"parent":0,"menu_order":0,"comment_status":"closed","ping_status":"closed","template":"elementor_header_footer","meta":{"footnotes":""},"class_list":["post-175","page","type-page","status-publish"],"_links":{"self":[{"href":"https:\/\/enixton.com\/articulosnuevosyusados\/wp-json\/wp\/v2\/pages\/175","targetHints":{"allow":["GET"]}}],"collection":[{"href":"https:\/\/enixton.com\/articulosnuevosyusados\/wp-json\/wp\/v2\/pages"}],"about":[{"href":"https:\/\/enixton.com\/articulosnuevosyusados\/wp-json\/wp\/v2\/types\/page"}],"author":[{"embeddable":true,"href":"https:\/\/enixton.com\/articulosnuevosyusados\/wp-json\/wp\/v2\/users\/1"}],"replies":[{"embeddable":true,"href":"https:\/\/enixton.com\/articulosnuevosyusados\/wp-json\/wp\/v2\/comments?post=175"}],"version-history":[{"count":4,"href":"https:\/\/enixton.com\/articulosnuevosyusados\/wp-json\/wp\/v2\/pages\/175\/revisions"}],"predecessor-version":[{"id":258,"href":"https:\/\/enixton.com\/articulosnuevosyusados\/wp-json\/wp\/v2\/pages\/175\/revisions\/258"}],"wp:attachment":[{"href":"https:\/\/enixton.com\/articulosnuevosyusados\/wp-json\/wp\/v2\/media?parent=175"}],"curies":[{"name":"wp","href":"https:\/\/api.w.org\/{rel}","templated":true}]}}