{"id":282,"date":"2020-02-10T15:33:01","date_gmt":"2020-02-10T15:33:01","guid":{"rendered":"https:\/\/enixton.com\/articulosnuevosyusados\/?page_id=282"},"modified":"2020-02-26T22:06:28","modified_gmt":"2020-02-26T22:06:28","slug":"vender-articulo","status":"publish","type":"page","link":"https:\/\/enixton.com\/articulosnuevosyusados\/vender-articulo\/","title":{"rendered":"Vender art\u00edculo"},"content":{"rendered":"\t\t<div data-elementor-type=\"wp-page\" data-elementor-id=\"282\" class=\"elementor elementor-282\">\n\t\t\t\t\t\t<section class=\"elementor-section elementor-top-section elementor-element elementor-element-82dcb5e elementor-section-stretched elementor-section-full_width elementor-section-height-default elementor-section-height-default\" data-id=\"82dcb5e\" data-element_type=\"section\" data-e-type=\"section\" data-settings=\"{&quot;stretch_section&quot;:&quot;section-stretched&quot;}\">\n\t\t\t\t\t\t<div class=\"elementor-container elementor-column-gap-no\">\n\t\t\t\t\t<div class=\"elementor-column elementor-col-100 elementor-top-column elementor-element elementor-element-c7e89ce\" data-id=\"c7e89ce\" data-element_type=\"column\" data-e-type=\"column\">\n\t\t\t<div class=\"elementor-widget-wrap elementor-element-populated\">\n\t\t\t\t\t\t<div class=\"elementor-element elementor-element-f490648 elementor-widget elementor-widget-image\" data-id=\"f490648\" data-element_type=\"widget\" data-e-type=\"widget\" data-widget_type=\"image.default\">\n\t\t\t\t<div class=\"elementor-widget-container\">\n\t\t\t\t\t\t\t\t\t\t\t\t\t\t\t<img fetchpriority=\"high\" decoding=\"async\" width=\"1300\" height=\"343\" src=\"https:\/\/enixton.com\/articulosnuevosyusados\/wp-content\/uploads\/2020\/02\/rect1930.png\" class=\"attachment-full size-full wp-image-295\" alt=\"\" srcset=\"https:\/\/enixton.com\/articulosnuevosyusados\/wp-content\/uploads\/2020\/02\/rect1930.png 1300w, https:\/\/enixton.com\/articulosnuevosyusados\/wp-content\/uploads\/2020\/02\/rect1930-300x79.png 300w, https:\/\/enixton.com\/articulosnuevosyusados\/wp-content\/uploads\/2020\/02\/rect1930-1024x270.png 1024w, https:\/\/enixton.com\/articulosnuevosyusados\/wp-content\/uploads\/2020\/02\/rect1930-768x203.png 768w, https:\/\/enixton.com\/articulosnuevosyusados\/wp-content\/uploads\/2020\/02\/rect1930-600x158.png 600w\" sizes=\"(max-width: 1300px) 100vw, 1300px\" \/>\t\t\t\t\t\t\t\t\t\t\t\t\t\t\t<\/div>\n\t\t\t\t<\/div>\n\t\t\t\t\t<\/div>\n\t\t<\/div>\n\t\t\t\t\t<\/div>\n\t\t<\/section>\n\t\t\t\t<section class=\"elementor-section elementor-top-section elementor-element elementor-element-b558be0 elementor-section-boxed elementor-section-height-default elementor-section-height-default\" data-id=\"b558be0\" data-element_type=\"section\" data-e-type=\"section\">\n\t\t\t\t\t\t<div class=\"elementor-container elementor-column-gap-default\">\n\t\t\t\t\t<div class=\"elementor-column elementor-col-50 elementor-top-column elementor-element elementor-element-9abf12a\" data-id=\"9abf12a\" data-element_type=\"column\" data-e-type=\"column\">\n\t\t\t<div class=\"elementor-widget-wrap elementor-element-populated\">\n\t\t\t\t\t\t<div class=\"elementor-element elementor-element-e000ebc elementor-widget elementor-widget-heading\" data-id=\"e000ebc\" data-element_type=\"widget\" data-e-type=\"widget\" data-widget_type=\"heading.default\">\n\t\t\t\t<div class=\"elementor-widget-container\">\n\t\t\t\t\t<h2 class=\"elementor-heading-title elementor-size-large\">Art\u00edculos a Consignaci\u00f3n<\/h2>\t\t\t\t<\/div>\n\t\t\t\t<\/div>\n\t\t\t\t<div class=\"elementor-element elementor-element-7133794 elementor-widget elementor-widget-text-editor\" data-id=\"7133794\" data-element_type=\"widget\" data-e-type=\"widget\" data-widget_type=\"text-editor.default\">\n\t\t\t\t<div class=\"elementor-widget-container\">\n\t\t\t\t\t\t\t\t\t<p><strong>\u00bfC\u00d3MO TRABAJAMOS?<\/strong> <br \/>Muy sencillo, tienes algunas cosas que no usas o quieres <br \/>recuperar dinero d\u00e9jalas a consignaci\u00f3n a buen precio. <br \/>Te sugerimos cuanto lo puedes vender.<\/p>\t\t\t\t\t\t\t\t<\/div>\n\t\t\t\t<\/div>\n\t\t\t\t<div class=\"elementor-element elementor-element-b60698b elementor-widget elementor-widget-image\" data-id=\"b60698b\" data-element_type=\"widget\" data-e-type=\"widget\" data-widget_type=\"image.default\">\n\t\t\t\t<div class=\"elementor-widget-container\">\n\t\t\t\t\t\t\t\t\t\t\t\t\t\t\t<img decoding=\"async\" src=\"https:\/\/enixton.com\/articulosnuevosyusados\/wp-content\/uploads\/elementor\/thumbs\/path1180-7-okywtq6eozrfhrj54h6dbo0mlq6b5g9pdayxpxwmey.png\" title=\"\" alt=\"\" loading=\"lazy\" \/>\t\t\t\t\t\t\t\t\t\t\t\t\t\t\t<\/div>\n\t\t\t\t<\/div>\n\t\t\t\t\t<\/div>\n\t\t<\/div>\n\t\t\t\t<div class=\"elementor-column elementor-col-50 elementor-top-column elementor-element elementor-element-0229311\" data-id=\"0229311\" data-element_type=\"column\" data-e-type=\"column\">\n\t\t\t<div class=\"elementor-widget-wrap elementor-element-populated\">\n\t\t\t\t\t\t<div class=\"elementor-element elementor-element-3d942e0 elementor-widget elementor-widget-heading\" data-id=\"3d942e0\" data-element_type=\"widget\" data-e-type=\"widget\" data-widget_type=\"heading.default\">\n\t\t\t\t<div class=\"elementor-widget-container\">\n\t\t\t\t\t<h2 class=\"elementor-heading-title elementor-size-large\">Te Compramos<\/h2>\t\t\t\t<\/div>\n\t\t\t\t<\/div>\n\t\t\t\t<div class=\"elementor-element elementor-element-b973fb4 elementor-widget elementor-widget-text-editor\" data-id=\"b973fb4\" data-element_type=\"widget\" data-e-type=\"widget\" data-widget_type=\"text-editor.default\">\n\t\t\t\t<div class=\"elementor-widget-container\">\n\t\t\t\t\t\t\t\t\t<p><strong>\u00bfC\u00d3MO TRABAJAMOS?<\/strong> <br \/>Muy sencillo, tienes algunas cosas que no usas o quieres <br \/>recuperar dinero nosotros compramos tus cosas <br \/>usadas o nuevas a buen precio. Somos compradores.<\/p>\t\t\t\t\t\t\t\t<\/div>\n\t\t\t\t<\/div>\n\t\t\t\t<div class=\"elementor-element elementor-element-7c8602e elementor-widget elementor-widget-image\" data-id=\"7c8602e\" data-element_type=\"widget\" data-e-type=\"widget\" data-widget_type=\"image.default\">\n\t\t\t\t<div class=\"elementor-widget-container\">\n\t\t\t\t\t\t\t\t\t\t\t\t\t\t\t<img decoding=\"async\" src=\"https:\/\/enixton.com\/articulosnuevosyusados\/wp-content\/uploads\/elementor\/thumbs\/path1837-okywts232nu04zgethzmgnjjshx1kuh61k9wohttb0.png\" title=\"\" alt=\"\" loading=\"lazy\" \/>\t\t\t\t\t\t\t\t\t\t\t\t\t\t\t<\/div>\n\t\t\t\t<\/div>\n\t\t\t\t\t<\/div>\n\t\t<\/div>\n\t\t\t\t\t<\/div>\n\t\t<\/section>\n\t\t\t\t<section class=\"elementor-section elementor-top-section elementor-element elementor-element-ce6b5bd elementor-section-boxed elementor-section-height-default elementor-section-height-default\" data-id=\"ce6b5bd\" data-element_type=\"section\" data-e-type=\"section\">\n\t\t\t\t\t\t<div class=\"elementor-container elementor-column-gap-default\">\n\t\t\t\t\t<div class=\"elementor-column elementor-col-100 elementor-top-column elementor-element elementor-element-419ba4a\" data-id=\"419ba4a\" data-element_type=\"column\" data-e-type=\"column\">\n\t\t\t<div class=\"elementor-widget-wrap elementor-element-populated\">\n\t\t\t\t\t\t<div class=\"elementor-element elementor-element-1dec542 elementor-widget elementor-widget-heading\" data-id=\"1dec542\" data-element_type=\"widget\" data-e-type=\"widget\" data-widget_type=\"heading.default\">\n\t\t\t\t<div class=\"elementor-widget-container\">\n\t\t\t\t\t<span class=\"elementor-heading-title elementor-size-xxl\">\u00a1Listo!<\/span>\t\t\t\t<\/div>\n\t\t\t\t<\/div>\n\t\t\t\t\t<\/div>\n\t\t<\/div>\n\t\t\t\t\t<\/div>\n\t\t<\/section>\n\t\t\t\t<\/div>\n\t\t","protected":false},"excerpt":{"rendered":"<p>Art\u00edculos a Consignaci\u00f3n \u00bfC\u00d3MO TRABAJAMOS? Muy sencillo, tienes algunas cosas que no usas o quieres recuperar dinero d\u00e9jalas a consignaci\u00f3n a buen precio. Te sugerimos cuanto lo puedes vender. Te Compramos \u00bfC\u00d3MO TRABAJAMOS? Muy sencillo, tienes algunas cosas que no usas o quieres recuperar dinero nosotros compramos tus cosas usadas o nuevas a buen precio. &#8230; <a title=\"Vender art\u00edculo\" class=\"read-more\" href=\"https:\/\/enixton.com\/articulosnuevosyusados\/vender-articulo\/\" aria-label=\"More on Vender art\u00edculo\">Read more<\/a><\/p>\n","protected":false},"author":1,"featured_media":0,"parent":0,"menu_order":0,"comment_status":"closed","ping_status":"closed","template":"elementor_header_footer","meta":{"footnotes":""},"class_list":["post-282","page","type-page","status-publish"],"_links":{"self":[{"href":"https:\/\/enixton.com\/articulosnuevosyusados\/wp-json\/wp\/v2\/pages\/282","targetHints":{"allow":["GET"]}}],"collection":[{"href":"https:\/\/enixton.com\/articulosnuevosyusados\/wp-json\/wp\/v2\/pages"}],"about":[{"href":"https:\/\/enixton.com\/articulosnuevosyusados\/wp-json\/wp\/v2\/types\/page"}],"author":[{"embeddable":true,"href":"https:\/\/enixton.com\/articulosnuevosyusados\/wp-json\/wp\/v2\/users\/1"}],"replies":[{"embeddable":true,"href":"https:\/\/enixton.com\/articulosnuevosyusados\/wp-json\/wp\/v2\/comments?post=282"}],"version-history":[{"count":9,"href":"https:\/\/enixton.com\/articulosnuevosyusados\/wp-json\/wp\/v2\/pages\/282\/revisions"}],"predecessor-version":[{"id":544,"href":"https:\/\/enixton.com\/articulosnuevosyusados\/wp-json\/wp\/v2\/pages\/282\/revisions\/544"}],"wp:attachment":[{"href":"https:\/\/enixton.com\/articulosnuevosyusados\/wp-json\/wp\/v2\/media?parent=282"}],"curies":[{"name":"wp","href":"https:\/\/api.w.org\/{rel}","templated":true}]}}