{"id":618,"date":"2024-07-01T13:38:02","date_gmt":"2024-07-01T13:38:02","guid":{"rendered":"https:\/\/enixton.com\/falitopack\/?page_id=618"},"modified":"2024-07-10T00:55:30","modified_gmt":"2024-07-10T00:55:30","slug":"servicios","status":"publish","type":"page","link":"https:\/\/enixton.com\/falitopack\/servicios\/","title":{"rendered":"Servicios"},"content":{"rendered":"\t\t<div data-elementor-type=\"wp-page\" data-elementor-id=\"618\" class=\"elementor elementor-618\" data-elementor-post-type=\"page\">\n\t\t\t\t\t\t<section class=\"elementor-section elementor-top-section elementor-element elementor-element-5ab9474 elementor-section-full_width elementor-section-height-min-height elementor-section-height-default elementor-section-items-middle\" data-id=\"5ab9474\" data-element_type=\"section\" data-e-type=\"section\">\n\t\t\t\t\t\t<div class=\"elementor-container elementor-column-gap-default\">\n\t\t\t\t\t<div class=\"elementor-column elementor-col-100 elementor-top-column elementor-element elementor-element-7eb1780\" data-id=\"7eb1780\" data-element_type=\"column\" data-e-type=\"column\">\n\t\t\t<div class=\"elementor-widget-wrap elementor-element-populated\">\n\t\t\t\t\t\t<div class=\"elementor-element elementor-element-57a302e elementor--h-position-center elementor--v-position-middle elementor-arrows-position-inside elementor-pagination-position-inside elementor-widget elementor-widget-slides\" data-id=\"57a302e\" data-element_type=\"widget\" data-e-type=\"widget\" data-settings=\"{&quot;autoplay_speed&quot;:4000,&quot;transition&quot;:&quot;fade&quot;,&quot;transition_speed&quot;:300,&quot;navigation&quot;:&quot;both&quot;,&quot;autoplay&quot;:&quot;yes&quot;,&quot;pause_on_hover&quot;:&quot;yes&quot;,&quot;pause_on_interaction&quot;:&quot;yes&quot;,&quot;infinite&quot;:&quot;yes&quot;}\" data-widget_type=\"slides.default\">\n\t\t\t\t<div class=\"elementor-widget-container\">\n\t\t\t\t\t\t\t\t\t<div class=\"elementor-swiper\">\n\t\t\t\t\t<div class=\"elementor-slides-wrapper elementor-main-swiper swiper\" role=\"region\" aria-roledescription=\"carousel\" aria-label=\"Slides\" dir=\"ltr\" data-animation=\"fadeInUp\">\n\t\t\t\t<div class=\"swiper-wrapper elementor-slides\">\n\t\t\t\t\t\t\t\t\t\t<div class=\"elementor-repeater-item-d7bcf2e swiper-slide\" role=\"group\" aria-roledescription=\"slide\"><div class=\"swiper-slide-bg elementor-ken-burns elementor-ken-burns--in\" role=\"img\" aria-label=\"ROLAND_PRINTING-1200x675\"><\/div><div class=\"elementor-background-overlay\"><\/div><div class=\"swiper-slide-inner\" ><div class=\"swiper-slide-contents\"><div class=\"elementor-slide-heading\">Servicios<\/div><\/div><\/div><\/div>\t\t\t\t<\/div>\n\t\t\t\t\t\t\t<\/div>\n\t\t\t\t<\/div>\n\t\t\t\t\t\t\t\t<\/div>\n\t\t\t\t<\/div>\n\t\t\t\t\t<\/div>\n\t\t<\/div>\n\t\t\t\t\t<\/div>\n\t\t<\/section>\n\t\t<div class=\"elementor-element elementor-element-7648ea2 e-flex e-con-boxed e-con e-parent\" data-id=\"7648ea2\" data-element_type=\"container\" data-e-type=\"container\">\n\t\t\t\t\t<div class=\"e-con-inner\">\n\t\t<div class=\"elementor-element elementor-element-cc5c03e e-con-full e-flex e-con e-child\" data-id=\"cc5c03e\" data-element_type=\"container\" data-e-type=\"container\">\n\t\t\t\t<div class=\"elementor-element elementor-element-5857d8e elementor-widget elementor-widget-menu-anchor\" data-id=\"5857d8e\" data-element_type=\"widget\" data-e-type=\"widget\" data-widget_type=\"menu-anchor.default\">\n\t\t\t\t<div class=\"elementor-widget-container\">\n\t\t\t\t\t\t\t<div class=\"elementor-menu-anchor\" id=\"1\"><\/div>\n\t\t\t\t\t\t<\/div>\n\t\t\t\t<\/div>\n\t\t\t\t<\/div>\n\t\t<div class=\"elementor-element elementor-element-423eb40 e-con-full e-flex e-con e-child\" data-id=\"423eb40\" data-element_type=\"container\" data-e-type=\"container\">\n\t\t<div class=\"elementor-element elementor-element-610df4a e-con-full e-flex e-con e-child\" data-id=\"610df4a\" data-element_type=\"container\" data-e-type=\"container\">\n\t\t<div class=\"elementor-element elementor-element-432ee4c e-con-full e-flex e-con e-child\" data-id=\"432ee4c\" data-element_type=\"container\" data-e-type=\"container\">\n\t\t\t\t<div class=\"elementor-element elementor-element-0d5ec25 elementor-widget elementor-widget-heading\" data-id=\"0d5ec25\" data-element_type=\"widget\" data-e-type=\"widget\" data-widget_type=\"heading.default\">\n\t\t\t\t<div class=\"elementor-widget-container\">\n\t\t\t\t\t<h2 class=\"elementor-heading-title elementor-size-default\">Flexograf\u00eda:<\/h2>\t\t\t\t<\/div>\n\t\t\t\t<\/div>\n\t\t\t\t<div class=\"elementor-element elementor-element-6276065 elementor-widget elementor-widget-text-editor\" data-id=\"6276065\" data-element_type=\"widget\" data-e-type=\"widget\" data-widget_type=\"text-editor.default\">\n\t\t\t\t<div class=\"elementor-widget-container\">\n\t\t\t\t\t\t\t\t\t<p>Es una t\u00e9cnica de impresi\u00f3n ideal para aquellos empaques que requieren cambios continuos en el dise\u00f1o, brindando una buena calidad de impresi\u00f3n.<br \/>Ideal para la impresi\u00f3n de:<\/p><ul><li>Bobina \/ rollos (procesos de empaque autom\u00e1tico).<\/li><li>BOPP, poli\u00e9ster, PET, papel, nylon, polietileno, aluminio, etc\u2026 <\/li><li>Empaque flexible. <\/li><\/ul>\t\t\t\t\t\t\t\t<\/div>\n\t\t\t\t<\/div>\n\t\t\t\t<div class=\"elementor-element elementor-element-6d491dc elementor-widget elementor-widget-menu-anchor\" data-id=\"6d491dc\" data-element_type=\"widget\" data-e-type=\"widget\" data-widget_type=\"menu-anchor.default\">\n\t\t\t\t<div class=\"elementor-widget-container\">\n\t\t\t\t\t\t\t<div class=\"elementor-menu-anchor\" id=\"2\"><\/div>\n\t\t\t\t\t\t<\/div>\n\t\t\t\t<\/div>\n\t\t\t\t<\/div>\n\t\t<div class=\"elementor-element elementor-element-f66e5e1 e-con-full e-flex e-con e-child\" data-id=\"f66e5e1\" data-element_type=\"container\" data-e-type=\"container\">\n\t\t\t\t<div class=\"elementor-element elementor-element-e9dcdd5 elementor-widget elementor-widget-image\" data-id=\"e9dcdd5\" data-element_type=\"widget\" data-e-type=\"widget\" data-widget_type=\"image.default\">\n\t\t\t\t<div class=\"elementor-widget-container\">\n\t\t\t\t\t\t\t\t\t\t\t\t\t\t\t<img fetchpriority=\"high\" decoding=\"async\" width=\"800\" height=\"533\" src=\"https:\/\/enixton.com\/falitopack\/wp-content\/uploads\/2024\/07\/flexo.jpg\" class=\"attachment-large size-large wp-image-630\" alt=\"\" srcset=\"https:\/\/enixton.com\/falitopack\/wp-content\/uploads\/2024\/07\/flexo.jpg 993w, https:\/\/enixton.com\/falitopack\/wp-content\/uploads\/2024\/07\/flexo-300x200.jpg 300w, https:\/\/enixton.com\/falitopack\/wp-content\/uploads\/2024\/07\/flexo-768x512.jpg 768w\" sizes=\"(max-width: 800px) 100vw, 800px\" \/>\t\t\t\t\t\t\t\t\t\t\t\t\t\t\t<\/div>\n\t\t\t\t<\/div>\n\t\t\t\t<\/div>\n\t\t\t\t<\/div>\n\t\t<div class=\"elementor-element elementor-element-eae6f7d e-con-full e-flex e-con e-child\" data-id=\"eae6f7d\" data-element_type=\"container\" data-e-type=\"container\">\n\t\t<div class=\"elementor-element elementor-element-d1dda9b e-con-full e-flex e-con e-child\" data-id=\"d1dda9b\" data-element_type=\"container\" data-e-type=\"container\">\n\t\t\t\t<div class=\"elementor-element elementor-element-96b9d15 elementor-widget elementor-widget-heading\" data-id=\"96b9d15\" data-element_type=\"widget\" data-e-type=\"widget\" data-widget_type=\"heading.default\">\n\t\t\t\t<div class=\"elementor-widget-container\">\n\t\t\t\t\t<h2 class=\"elementor-heading-title elementor-size-default\">Rotograbado<\/h2>\t\t\t\t<\/div>\n\t\t\t\t<\/div>\n\t\t\t\t<div class=\"elementor-element elementor-element-811a1d8 elementor-widget elementor-widget-text-editor\" data-id=\"811a1d8\" data-element_type=\"widget\" data-e-type=\"widget\" data-widget_type=\"text-editor.default\">\n\t\t\t\t<div class=\"elementor-widget-container\">\n\t\t\t\t\t\t\t\t\t<p>Es una t\u00e9cnica de impresi\u00f3n que permite reproducir dise\u00f1os con una excelente definici\u00f3n, mayor nitidez, colores vivos y textos legibles, mejorando la im\u00e1gen y presentaci\u00f3n de tu producto.\u2028Ideal para la impresi\u00f3n de:<\/p><ul><li>Bobina \/ rollos (procesos de empaque autom\u00e1tico).<\/li><li>BOPP, poli\u00e9ster, PET, papel, nylon, polietileno, aluminio, etc\u2026 Empaque flexible.<\/li><\/ul>\t\t\t\t\t\t\t\t<\/div>\n\t\t\t\t<\/div>\n\t\t\t\t<div class=\"elementor-element elementor-element-cddee3b elementor-widget elementor-widget-menu-anchor\" data-id=\"cddee3b\" data-element_type=\"widget\" data-e-type=\"widget\" data-widget_type=\"menu-anchor.default\">\n\t\t\t\t<div class=\"elementor-widget-container\">\n\t\t\t\t\t\t\t<div class=\"elementor-menu-anchor\" id=\"3\"><\/div>\n\t\t\t\t\t\t<\/div>\n\t\t\t\t<\/div>\n\t\t\t\t<\/div>\n\t\t<div class=\"elementor-element elementor-element-a013d96 e-con-full e-flex e-con e-child\" data-id=\"a013d96\" data-element_type=\"container\" data-e-type=\"container\">\n\t\t\t\t<div class=\"elementor-element elementor-element-0f6a845 elementor-widget elementor-widget-image\" data-id=\"0f6a845\" data-element_type=\"widget\" data-e-type=\"widget\" data-widget_type=\"image.default\">\n\t\t\t\t<div class=\"elementor-widget-container\">\n\t\t\t\t\t\t\t\t\t\t\t\t\t\t\t<img decoding=\"async\" width=\"800\" height=\"533\" src=\"https:\/\/enixton.com\/falitopack\/wp-content\/uploads\/2024\/07\/roto.jpg\" class=\"attachment-large size-large wp-image-631\" alt=\"\" srcset=\"https:\/\/enixton.com\/falitopack\/wp-content\/uploads\/2024\/07\/roto.jpg 986w, https:\/\/enixton.com\/falitopack\/wp-content\/uploads\/2024\/07\/roto-300x200.jpg 300w, https:\/\/enixton.com\/falitopack\/wp-content\/uploads\/2024\/07\/roto-768x512.jpg 768w\" sizes=\"(max-width: 800px) 100vw, 800px\" \/>\t\t\t\t\t\t\t\t\t\t\t\t\t\t\t<\/div>\n\t\t\t\t<\/div>\n\t\t\t\t<\/div>\n\t\t\t\t<\/div>\n\t\t<div class=\"elementor-element elementor-element-1fecc6a e-con-full e-flex e-con e-child\" data-id=\"1fecc6a\" data-element_type=\"container\" data-e-type=\"container\">\n\t\t<div class=\"elementor-element elementor-element-194cd0d e-con-full e-flex e-con e-child\" data-id=\"194cd0d\" data-element_type=\"container\" data-e-type=\"container\">\n\t\t\t\t<div class=\"elementor-element elementor-element-f31b17e elementor-widget elementor-widget-heading\" data-id=\"f31b17e\" data-element_type=\"widget\" data-e-type=\"widget\" data-widget_type=\"heading.default\">\n\t\t\t\t<div class=\"elementor-widget-container\">\n\t\t\t\t\t<h2 class=\"elementor-heading-title elementor-size-default\">Impresi\u00f3n offset:<\/h2>\t\t\t\t<\/div>\n\t\t\t\t<\/div>\n\t\t\t\t<div class=\"elementor-element elementor-element-ce14604 elementor-widget elementor-widget-text-editor\" data-id=\"ce14604\" data-element_type=\"widget\" data-e-type=\"widget\" data-widget_type=\"text-editor.default\">\n\t\t\t\t<div class=\"elementor-widget-container\">\n\t\t\t\t\t\t\t\t\t<p>Es una t\u00e9cnica de impresi\u00f3n que proporciona una excelente calidad de imagen, ideal para sustratos planos.<br \/>Ideal para impresi\u00f3n de:<\/p><ul><li>Sustratos planos u hojeados.<\/li><li>Cart\u00f3n, papel, materiales hologr\u00e1ficos, acetato, polipapel, etc\u2026<\/li><li>Empaque r\u00edgido, cajas plegadizas, etiquetas, revistas, cat\u00e1logos, etc\u2026<\/li><\/ul>\t\t\t\t\t\t\t\t<\/div>\n\t\t\t\t<\/div>\n\t\t\t\t<div class=\"elementor-element elementor-element-81efcfc elementor-widget elementor-widget-menu-anchor\" data-id=\"81efcfc\" data-element_type=\"widget\" data-e-type=\"widget\" data-widget_type=\"menu-anchor.default\">\n\t\t\t\t<div class=\"elementor-widget-container\">\n\t\t\t\t\t\t\t<div class=\"elementor-menu-anchor\" id=\"4\"><\/div>\n\t\t\t\t\t\t<\/div>\n\t\t\t\t<\/div>\n\t\t\t\t<\/div>\n\t\t<div class=\"elementor-element elementor-element-1cd2f04 e-con-full e-flex e-con e-child\" data-id=\"1cd2f04\" data-element_type=\"container\" data-e-type=\"container\">\n\t\t\t\t<div class=\"elementor-element elementor-element-274401d elementor-widget elementor-widget-image\" data-id=\"274401d\" data-element_type=\"widget\" data-e-type=\"widget\" data-widget_type=\"image.default\">\n\t\t\t\t<div class=\"elementor-widget-container\">\n\t\t\t\t\t\t\t\t\t\t\t\t\t\t\t<img decoding=\"async\" width=\"800\" height=\"533\" src=\"https:\/\/enixton.com\/falitopack\/wp-content\/uploads\/2024\/07\/offset.jpg\" class=\"attachment-large size-large wp-image-635\" alt=\"\" srcset=\"https:\/\/enixton.com\/falitopack\/wp-content\/uploads\/2024\/07\/offset.jpg 1008w, https:\/\/enixton.com\/falitopack\/wp-content\/uploads\/2024\/07\/offset-300x200.jpg 300w, https:\/\/enixton.com\/falitopack\/wp-content\/uploads\/2024\/07\/offset-768x511.jpg 768w\" sizes=\"(max-width: 800px) 100vw, 800px\" \/>\t\t\t\t\t\t\t\t\t\t\t\t\t\t\t<\/div>\n\t\t\t\t<\/div>\n\t\t\t\t<\/div>\n\t\t\t\t<\/div>\n\t\t<div class=\"elementor-element elementor-element-98b3efe e-con-full e-flex e-con e-child\" data-id=\"98b3efe\" data-element_type=\"container\" data-e-type=\"container\">\n\t\t<div class=\"elementor-element elementor-element-17dd695 e-con-full e-flex e-con e-child\" data-id=\"17dd695\" data-element_type=\"container\" data-e-type=\"container\">\n\t\t\t\t<div class=\"elementor-element elementor-element-9316ea3 elementor-widget elementor-widget-heading\" data-id=\"9316ea3\" data-element_type=\"widget\" data-e-type=\"widget\" data-widget_type=\"heading.default\">\n\t\t\t\t<div class=\"elementor-widget-container\">\n\t\t\t\t\t<h2 class=\"elementor-heading-title elementor-size-default\">Laminaci\u00f3n: <\/h2>\t\t\t\t<\/div>\n\t\t\t\t<\/div>\n\t\t\t\t<div class=\"elementor-element elementor-element-02655f0 elementor-widget elementor-widget-text-editor\" data-id=\"02655f0\" data-element_type=\"widget\" data-e-type=\"widget\" data-widget_type=\"text-editor.default\">\n\t\t\t\t<div class=\"elementor-widget-container\">\n\t\t\t\t\t\t\t\t\t<p>Es una proceso por el cual se unen dos o m\u00e1s sustratos, con la finalidad de dar mejores propiedades al empaque flexible tales como: ayudar a proteger el producto de olores y sabores, mayor tiempo de vida en anaquel a los productos, conservar el producto y protegerlo de la luz, mejor acabado de impresi\u00f3n, entre otras propiedades.\u2028Ideal para:<\/p><ul><li>Empaque que requieran mayor resistencia.<\/li><li>Dar propiedades especiales al empaque adecuado al producto.<\/li><li>Empaque para alimentos.<\/li><li>Dar mayor protecci\u00f3n al empaque de tus productos.<\/li><\/ul>\t\t\t\t\t\t\t\t<\/div>\n\t\t\t\t<\/div>\n\t\t\t\t<div class=\"elementor-element elementor-element-deddd6a elementor-widget elementor-widget-menu-anchor\" data-id=\"deddd6a\" data-element_type=\"widget\" data-e-type=\"widget\" data-widget_type=\"menu-anchor.default\">\n\t\t\t\t<div class=\"elementor-widget-container\">\n\t\t\t\t\t\t\t<div class=\"elementor-menu-anchor\" id=\"5\"><\/div>\n\t\t\t\t\t\t<\/div>\n\t\t\t\t<\/div>\n\t\t\t\t<\/div>\n\t\t<div class=\"elementor-element elementor-element-b606004 e-con-full e-flex e-con e-child\" data-id=\"b606004\" data-element_type=\"container\" data-e-type=\"container\">\n\t\t\t\t<div class=\"elementor-element elementor-element-1833315 elementor-widget elementor-widget-image\" data-id=\"1833315\" data-element_type=\"widget\" data-e-type=\"widget\" data-widget_type=\"image.default\">\n\t\t\t\t<div class=\"elementor-widget-container\">\n\t\t\t\t\t\t\t\t\t\t\t\t\t\t\t<img loading=\"lazy\" decoding=\"async\" width=\"800\" height=\"533\" src=\"https:\/\/enixton.com\/falitopack\/wp-content\/uploads\/2024\/07\/lam.jpg\" class=\"attachment-large size-large wp-image-719\" alt=\"\" srcset=\"https:\/\/enixton.com\/falitopack\/wp-content\/uploads\/2024\/07\/lam.jpg 997w, https:\/\/enixton.com\/falitopack\/wp-content\/uploads\/2024\/07\/lam-300x200.jpg 300w, https:\/\/enixton.com\/falitopack\/wp-content\/uploads\/2024\/07\/lam-768x511.jpg 768w\" sizes=\"(max-width: 800px) 100vw, 800px\" \/>\t\t\t\t\t\t\t\t\t\t\t\t\t\t\t<\/div>\n\t\t\t\t<\/div>\n\t\t\t\t<\/div>\n\t\t\t\t<\/div>\n\t\t<div class=\"elementor-element elementor-element-ccd9c81 e-con-full e-flex e-con e-child\" data-id=\"ccd9c81\" data-element_type=\"container\" data-e-type=\"container\">\n\t\t<div class=\"elementor-element elementor-element-1ce36c3 e-con-full e-flex e-con e-child\" data-id=\"1ce36c3\" data-element_type=\"container\" data-e-type=\"container\">\n\t\t\t\t<div class=\"elementor-element elementor-element-48648f3 elementor-widget elementor-widget-heading\" data-id=\"48648f3\" data-element_type=\"widget\" data-e-type=\"widget\" data-widget_type=\"heading.default\">\n\t\t\t\t<div class=\"elementor-widget-container\">\n\t\t\t\t\t<h2 class=\"elementor-heading-title elementor-size-default\">Bolseo: <\/h2>\t\t\t\t<\/div>\n\t\t\t\t<\/div>\n\t\t\t\t<div class=\"elementor-element elementor-element-7e83c65 elementor-widget elementor-widget-text-editor\" data-id=\"7e83c65\" data-element_type=\"widget\" data-e-type=\"widget\" data-widget_type=\"text-editor.default\">\n\t\t\t\t<div class=\"elementor-widget-container\">\n\t\t\t\t\t\t\t\t\t<p>Proceso por el cual la materia prima previamente procesada e impresa es transformada en bolsa, la cual puede ser complementada con accesorios como zipper, suaje, abre f\u00e1cil, cinta adhesiva, etc\u2026 Logrando empaques como:<\/p><ul><li>Sello lateral.<\/li><li>Vac\u00edo.<\/li><li>Stand up pouch.<\/li><li>Sello de traslape.<\/li><\/ul>\t\t\t\t\t\t\t\t<\/div>\n\t\t\t\t<\/div>\n\t\t\t\t<div class=\"elementor-element elementor-element-cca015d elementor-widget elementor-widget-menu-anchor\" data-id=\"cca015d\" data-element_type=\"widget\" data-e-type=\"widget\" data-widget_type=\"menu-anchor.default\">\n\t\t\t\t<div class=\"elementor-widget-container\">\n\t\t\t\t\t\t\t<div class=\"elementor-menu-anchor\" id=\"6\"><\/div>\n\t\t\t\t\t\t<\/div>\n\t\t\t\t<\/div>\n\t\t\t\t<\/div>\n\t\t<div class=\"elementor-element elementor-element-41c0a4e e-con-full e-flex e-con e-child\" data-id=\"41c0a4e\" data-element_type=\"container\" data-e-type=\"container\">\n\t\t\t\t<div class=\"elementor-element elementor-element-752bd29 elementor-widget elementor-widget-image\" data-id=\"752bd29\" data-element_type=\"widget\" data-e-type=\"widget\" data-widget_type=\"image.default\">\n\t\t\t\t<div class=\"elementor-widget-container\">\n\t\t\t\t\t\t\t\t\t\t\t\t\t\t\t<img loading=\"lazy\" decoding=\"async\" width=\"800\" height=\"533\" src=\"https:\/\/enixton.com\/falitopack\/wp-content\/uploads\/2024\/07\/bolseo.jpg\" class=\"attachment-large size-large wp-image-643\" alt=\"\" srcset=\"https:\/\/enixton.com\/falitopack\/wp-content\/uploads\/2024\/07\/bolseo.jpg 1023w, https:\/\/enixton.com\/falitopack\/wp-content\/uploads\/2024\/07\/bolseo-300x200.jpg 300w, https:\/\/enixton.com\/falitopack\/wp-content\/uploads\/2024\/07\/bolseo-768x511.jpg 768w\" sizes=\"(max-width: 800px) 100vw, 800px\" \/>\t\t\t\t\t\t\t\t\t\t\t\t\t\t\t<\/div>\n\t\t\t\t<\/div>\n\t\t\t\t<\/div>\n\t\t\t\t<\/div>\n\t\t<div class=\"elementor-element elementor-element-620fcbf e-con-full e-flex e-con e-child\" data-id=\"620fcbf\" data-element_type=\"container\" data-e-type=\"container\">\n\t\t<div class=\"elementor-element elementor-element-b227aa0 e-con-full e-flex e-con e-child\" data-id=\"b227aa0\" data-element_type=\"container\" data-e-type=\"container\">\n\t\t\t\t<div class=\"elementor-element elementor-element-fb81265 elementor-widget elementor-widget-heading\" data-id=\"fb81265\" data-element_type=\"widget\" data-e-type=\"widget\" data-widget_type=\"heading.default\">\n\t\t\t\t<div class=\"elementor-widget-container\">\n\t\t\t\t\t<h2 class=\"elementor-heading-title elementor-size-default\">Ensobretado flow pack: <\/h2>\t\t\t\t<\/div>\n\t\t\t\t<\/div>\n\t\t\t\t<div class=\"elementor-element elementor-element-da663d2 elementor-widget elementor-widget-text-editor\" data-id=\"da663d2\" data-element_type=\"widget\" data-e-type=\"widget\" data-widget_type=\"text-editor.default\">\n\t\t\t\t<div class=\"elementor-widget-container\">\n\t\t\t\t\t\t\t\t\t<p>Proceso de bolseo con llenado autom\u00e1tico en el cual la bolsa se sella arriba y abajo, con un sello trasero con pesta\u00f1a que permite una apertura f\u00e1cil.\u2028Ideal para empacar:<\/p><ul><li>Promocionales.<\/li><li>Tarjetas y revistas.<\/li><li>Materiales de un solo uso.<\/li><\/ul>\t\t\t\t\t\t\t\t<\/div>\n\t\t\t\t<\/div>\n\t\t\t\t<\/div>\n\t\t<div class=\"elementor-element elementor-element-95d9db6 e-con-full e-flex e-con e-child\" data-id=\"95d9db6\" data-element_type=\"container\" data-e-type=\"container\">\n\t\t\t\t<div class=\"elementor-element elementor-element-296b52c elementor-widget elementor-widget-image\" data-id=\"296b52c\" data-element_type=\"widget\" data-e-type=\"widget\" data-widget_type=\"image.default\">\n\t\t\t\t<div class=\"elementor-widget-container\">\n\t\t\t\t\t\t\t\t\t\t\t\t\t\t\t<img loading=\"lazy\" decoding=\"async\" width=\"800\" height=\"533\" src=\"https:\/\/enixton.com\/falitopack\/wp-content\/uploads\/2024\/07\/ensobrado.jpg\" class=\"attachment-large size-large wp-image-644\" alt=\"\" srcset=\"https:\/\/enixton.com\/falitopack\/wp-content\/uploads\/2024\/07\/ensobrado.jpg 1023w, https:\/\/enixton.com\/falitopack\/wp-content\/uploads\/2024\/07\/ensobrado-300x200.jpg 300w, https:\/\/enixton.com\/falitopack\/wp-content\/uploads\/2024\/07\/ensobrado-768x511.jpg 768w\" sizes=\"(max-width: 800px) 100vw, 800px\" \/>\t\t\t\t\t\t\t\t\t\t\t\t\t\t\t<\/div>\n\t\t\t\t<\/div>\n\t\t\t\t<\/div>\n\t\t\t\t<\/div>\n\t\t\t\t<\/div>\n\t\t\t\t\t<\/div>\n\t\t\t\t<\/div>\n\t\t\t\t<\/div>\n\t\t","protected":false},"excerpt":{"rendered":"<p>Servicios Flexograf\u00eda: Es una t\u00e9cnica de impresi\u00f3n ideal para aquellos empaques que requieren cambios continuos en el dise\u00f1o, brindando una buena calidad de impresi\u00f3n.Ideal para la impresi\u00f3n de: Bobina \/ rollos (procesos de empaque autom\u00e1tico). BOPP, poli\u00e9ster, PET, papel, nylon, polietileno, aluminio, etc\u2026 Empaque flexible. Rotograbado Es una t\u00e9cnica de impresi\u00f3n que permite reproducir dise\u00f1os &#8230; <a title=\"Servicios\" class=\"read-more\" href=\"https:\/\/enixton.com\/falitopack\/servicios\/\" aria-label=\"More on Servicios\">Read more<\/a><\/p>\n","protected":false},"author":3,"featured_media":0,"parent":0,"menu_order":0,"comment_status":"closed","ping_status":"closed","template":"elementor_header_footer","meta":{"footnotes":""},"class_list":["post-618","page","type-page","status-publish","hentry"],"_links":{"self":[{"href":"https:\/\/enixton.com\/falitopack\/wp-json\/wp\/v2\/pages\/618","targetHints":{"allow":["GET"]}}],"collection":[{"href":"https:\/\/enixton.com\/falitopack\/wp-json\/wp\/v2\/pages"}],"about":[{"href":"https:\/\/enixton.com\/falitopack\/wp-json\/wp\/v2\/types\/page"}],"author":[{"embeddable":true,"href":"https:\/\/enixton.com\/falitopack\/wp-json\/wp\/v2\/users\/3"}],"replies":[{"embeddable":true,"href":"https:\/\/enixton.com\/falitopack\/wp-json\/wp\/v2\/comments?post=618"}],"version-history":[{"count":50,"href":"https:\/\/enixton.com\/falitopack\/wp-json\/wp\/v2\/pages\/618\/revisions"}],"predecessor-version":[{"id":823,"href":"https:\/\/enixton.com\/falitopack\/wp-json\/wp\/v2\/pages\/618\/revisions\/823"}],"wp:attachment":[{"href":"https:\/\/enixton.com\/falitopack\/wp-json\/wp\/v2\/media?parent=618"}],"curies":[{"name":"wp","href":"https:\/\/api.w.org\/{rel}","templated":true}]}}