{"id":258,"date":"2023-06-21T20:40:15","date_gmt":"2023-06-21T20:40:15","guid":{"rendered":"https:\/\/enixton.com\/litto\/?page_id=258"},"modified":"2023-06-28T18:05:34","modified_gmt":"2023-06-28T18:05:34","slug":"laminas-de-acrilico","status":"publish","type":"page","link":"https:\/\/enixton.com\/litto\/laminas-de-acrilico\/","title":{"rendered":"L\u00c1MINAS DE ACR\u00cdLICO"},"content":{"rendered":"\t\t<div data-elementor-type=\"wp-page\" data-elementor-id=\"258\" class=\"elementor elementor-258\" data-elementor-post-type=\"page\">\n\t\t\t\t\t\t<section class=\"elementor-section elementor-top-section elementor-element elementor-element-14565fe elementor-section-height-min-height elementor-section-boxed elementor-section-height-default elementor-section-items-middle\" data-id=\"14565fe\" data-element_type=\"section\" data-e-type=\"section\" data-settings=\"{&quot;background_background&quot;:&quot;classic&quot;}\">\n\t\t\t\t\t\t<div class=\"elementor-container elementor-column-gap-default\">\n\t\t\t\t\t<div class=\"elementor-column elementor-col-100 elementor-top-column elementor-element elementor-element-7ef1501\" data-id=\"7ef1501\" data-element_type=\"column\" data-e-type=\"column\">\n\t\t\t<div class=\"elementor-widget-wrap elementor-element-populated\">\n\t\t\t\t\t\t<div class=\"elementor-element elementor-element-486ad723 elementor-widget elementor-widget-heading\" data-id=\"486ad723\" data-element_type=\"widget\" data-e-type=\"widget\" data-widget_type=\"heading.default\">\n\t\t\t\t\t<h2 class=\"elementor-heading-title elementor-size-default\">L\u00c1MINAS DE ACR\u00cdLICO<\/h2>\t\t\t\t<\/div>\n\t\t\t\t\t<\/div>\n\t\t<\/div>\n\t\t\t\t\t<\/div>\n\t\t<\/section>\n\t\t\t\t<section class=\"elementor-section elementor-top-section elementor-element elementor-element-9a3bcf8 elementor-section-boxed elementor-section-height-default elementor-section-height-default\" data-id=\"9a3bcf8\" data-element_type=\"section\" data-e-type=\"section\">\n\t\t\t\t\t\t<div class=\"elementor-container elementor-column-gap-default\">\n\t\t\t\t\t<div class=\"elementor-column elementor-col-50 elementor-top-column elementor-element elementor-element-13e33d5e\" data-id=\"13e33d5e\" data-element_type=\"column\" data-e-type=\"column\">\n\t\t\t<div class=\"elementor-widget-wrap elementor-element-populated\">\n\t\t\t\t\t\t<div class=\"elementor-element elementor-element-7b52c274 elementor-widget elementor-widget-heading\" data-id=\"7b52c274\" data-element_type=\"widget\" data-e-type=\"widget\" data-widget_type=\"heading.default\">\n\t\t\t\t\t<h2 class=\"elementor-heading-title elementor-size-default\">CONOCE LAS CARACTER\u00cdSTICAS DE NUESTRAS L\u00c1MINAS DE ACRILICO<\/h2>\t\t\t\t<\/div>\n\t\t\t\t<div class=\"elementor-element elementor-element-67a11202 elementor-widget elementor-widget-text-editor\" data-id=\"67a11202\" data-element_type=\"widget\" data-e-type=\"widget\" data-widget_type=\"text-editor.default\">\n\t\t\t\t\t\t\t\t\t<p>Contamos con una gran gama de\u00a0<strong>l\u00e1minas de acr\u00edlico<\/strong>\u00a0tanto en medidas, espesores y colores. Manejamos las marcas Plexiglas\u00ae y Plasiglas\u00ae.<\/p><p>Nuestras\u00a0<strong>l\u00e1minas de\u00a0acr\u00edlico\u00a0<\/strong>est\u00e1n dise\u00f1ados para soportar diferentes aplicaciones de intemperie as\u00ed como materiales corrosivos.<strong>\u00a0<\/strong><\/p>\t\t\t\t\t\t\t\t<\/div>\n\t\t\t\t<div class=\"elementor-element elementor-element-4fe82d0f elementor-widget elementor-widget-heading\" data-id=\"4fe82d0f\" data-element_type=\"widget\" data-e-type=\"widget\" data-widget_type=\"heading.default\">\n\t\t\t\t\t<h2 class=\"elementor-heading-title elementor-size-default\">APLICACIONES <\/h2>\t\t\t\t<\/div>\n\t\t\t\t<div class=\"elementor-element elementor-element-2569b5e8 elementor-widget elementor-widget-text-editor\" data-id=\"2569b5e8\" data-element_type=\"widget\" data-e-type=\"widget\" data-widget_type=\"text-editor.default\">\n\t\t\t\t\t\t\t\t\t<ul><li>Puntos de venta \/ POP<\/li><li>Letreros luminosos<\/li><li>Muebles<\/li><li>Iluminaci\u00f3n<\/li><li>Seguridad<\/li><li>Reconocimientos<\/li><li>Museograf\u00eda<\/li><li>Domos<\/li><\/ul>\t\t\t\t\t\t\t\t<\/div>\n\t\t\t\t<div class=\"elementor-element elementor-element-17ce9952 elementor-widget elementor-widget-heading\" data-id=\"17ce9952\" data-element_type=\"widget\" data-e-type=\"widget\" data-widget_type=\"heading.default\">\n\t\t\t\t\t<h2 class=\"elementor-heading-title elementor-size-default\">CONTAMOS CON LOS SIGUIENTES TIPOS:<\/h2>\t\t\t\t<\/div>\n\t\t\t\t<div class=\"elementor-element elementor-element-5e3ed838 elementor-widget elementor-widget-text-editor\" data-id=\"5e3ed838\" data-element_type=\"widget\" data-e-type=\"widget\" data-widget_type=\"text-editor.default\">\n\t\t\t\t\t\t\t\t\t<ul><li>Transparente, \u201ccristal\u201d<\/li><li>Colores<\/li><li>Mate, Frosted, Satinado, Esmerilado, P-95<\/li><li>Resistente al impacto, resistente a qu\u00edmicos, filtro UV.<\/li><li>Perlescente, m\u00e1rmol, diamantina, espejo.<\/li><\/ul>\t\t\t\t\t\t\t\t<\/div>\n\t\t\t\t\t<\/div>\n\t\t<\/div>\n\t\t\t\t<div class=\"elementor-column elementor-col-50 elementor-top-column elementor-element elementor-element-bafd793\" data-id=\"bafd793\" data-element_type=\"column\" data-e-type=\"column\">\n\t\t\t<div class=\"elementor-widget-wrap elementor-element-populated\">\n\t\t\t\t\t\t<div class=\"elementor-element elementor-element-7f478e96 elementor-widget elementor-widget-image\" data-id=\"7f478e96\" data-element_type=\"widget\" data-e-type=\"widget\" data-widget_type=\"image.default\">\n\t\t\t\t\t\t\t\t\t\t\t\t\t\t\t<img fetchpriority=\"high\" decoding=\"async\" width=\"445\" height=\"297\" src=\"https:\/\/enixton.com\/litto\/wp-content\/uploads\/2023\/06\/acrilico-1.jpg\" class=\"attachment-large size-large wp-image-272\" alt=\"\" srcset=\"https:\/\/enixton.com\/litto\/wp-content\/uploads\/2023\/06\/acrilico-1.jpg 445w, https:\/\/enixton.com\/litto\/wp-content\/uploads\/2023\/06\/acrilico-1-300x200.jpg 300w\" sizes=\"(max-width: 445px) 100vw, 445px\" \/>\t\t\t\t\t\t\t\t\t\t\t\t\t\t\t<\/div>\n\t\t\t\t\t<\/div>\n\t\t<\/div>\n\t\t\t\t\t<\/div>\n\t\t<\/section>\n\t\t\t\t<section class=\"elementor-section elementor-top-section elementor-element elementor-element-364000b elementor-section-boxed elementor-section-height-default elementor-section-height-default\" data-id=\"364000b\" data-element_type=\"section\" data-e-type=\"section\">\n\t\t\t\t\t\t<div class=\"elementor-container elementor-column-gap-default\">\n\t\t\t\t\t<div class=\"elementor-column elementor-col-100 elementor-top-column elementor-element elementor-element-1d4977b\" data-id=\"1d4977b\" data-element_type=\"column\" data-e-type=\"column\">\n\t\t\t<div class=\"elementor-widget-wrap elementor-element-populated\">\n\t\t\t\t\t\t<div class=\"elementor-element elementor-element-f60ab17 elementor-widget elementor-widget-heading\" data-id=\"f60ab17\" data-element_type=\"widget\" data-e-type=\"widget\" data-widget_type=\"heading.default\">\n\t\t\t\t\t<h2 class=\"elementor-heading-title elementor-size-default\">CONTAMOS CON LOS SIGUIENTES ESPESORES Y TAMA\u00d1OS:<\/h2>\t\t\t\t<\/div>\n\t\t\t\t<div class=\"elementor-element elementor-element-d0ea9e9 elementor-widget elementor-widget-heading\" data-id=\"d0ea9e9\" data-element_type=\"widget\" data-e-type=\"widget\" data-widget_type=\"heading.default\">\n\t\t\t\t\t<h2 class=\"elementor-heading-title elementor-size-default\">PLASTIGLAS 244<\/h2>\t\t\t\t<\/div>\n\t\t\t\t<div class=\"elementor-element elementor-element-aaa9cfe elementor-widget elementor-widget-text-editor\" data-id=\"aaa9cfe\" data-element_type=\"widget\" data-e-type=\"widget\" data-widget_type=\"text-editor.default\">\n\t\t\t\t\t\t\t\t\t<p><span id=\"tablepress-6-description\" class=\"tablepress-table-description tablepress-table-description-id-6\">Medida de la hoja (cm)<\/span><\/p>\t\t\t\t\t\t\t\t<\/div>\n\t\t\t\t<div class=\"elementor-element elementor-element-8d949dc elementor-widget elementor-widget-shortcode\" data-id=\"8d949dc\" data-element_type=\"widget\" data-e-type=\"widget\" data-widget_type=\"shortcode.default\">\n\t\t\t\t\t\t\t<div class=\"elementor-shortcode\">\n<table id=\"tablepress-2\" class=\"tablepress tablepress-id-2\">\n<thead>\n<tr class=\"row-1\">\n\t<th class=\"column-1\">Espesor (mm)<\/th><th class=\"column-2\">122x183<\/th><th class=\"column-3\">122X244<\/th><th class=\"column-4\">183X244<\/th>\n<\/tr>\n<\/thead>\n<tbody class=\"row-striping row-hover\">\n<tr class=\"row-2\">\n\t<td class=\"column-1\">1.5<\/td><td class=\"column-2\">SI<\/td><td class=\"column-3\"><\/td><td class=\"column-4\"><\/td>\n<\/tr>\n<tr class=\"row-3\">\n\t<td class=\"column-1\">2.0<\/td><td class=\"column-2\">SI<\/td><td class=\"column-3\"><\/td><td class=\"column-4\"><\/td>\n<\/tr>\n<tr class=\"row-4\">\n\t<td class=\"column-1\">2.5<\/td><td class=\"column-2\">SI<\/td><td class=\"column-3\"><\/td><td class=\"column-4\"><\/td>\n<\/tr>\n<tr class=\"row-5\">\n\t<td class=\"column-1\">3.0<\/td><td class=\"column-2\">SI<\/td><td class=\"column-3\">SI<\/td><td class=\"column-4\">SI<\/td>\n<\/tr>\n<tr class=\"row-6\">\n\t<td class=\"column-1\">4.0<\/td><td class=\"column-2\">SI<\/td><td class=\"column-3\">SI<\/td><td class=\"column-4\">SI<\/td>\n<\/tr>\n<tr class=\"row-7\">\n\t<td class=\"column-1\">4.5<\/td><td class=\"column-2\">SI<\/td><td class=\"column-3\">SI<\/td><td class=\"column-4\">SI<\/td>\n<\/tr>\n<tr class=\"row-8\">\n\t<td class=\"column-1\">5.0<\/td><td class=\"column-2\">SI<\/td><td class=\"column-3\">SI<\/td><td class=\"column-4\">SI<\/td>\n<\/tr>\n<tr class=\"row-9\">\n\t<td class=\"column-1\">5.6<\/td><td class=\"column-2\">SI<\/td><td class=\"column-3\">SI<\/td><td class=\"column-4\">SI<\/td>\n<\/tr>\n<tr class=\"row-10\">\n\t<td class=\"column-1\">6.0<\/td><td class=\"column-2\">SI<\/td><td class=\"column-3\">SI<\/td><td class=\"column-4\">SI<\/td>\n<\/tr>\n<tr class=\"row-11\">\n\t<td class=\"column-1\">8.0<\/td><td class=\"column-2\">SI<\/td><td class=\"column-3\">SI<\/td><td class=\"column-4\">SI<\/td>\n<\/tr>\n<tr class=\"row-12\">\n\t<td class=\"column-1\">9.0<\/td><td class=\"column-2\">SI<\/td><td class=\"column-3\">SI<\/td><td class=\"column-4\">SI<\/td>\n<\/tr>\n<tr class=\"row-13\">\n\t<td class=\"column-1\">10.0<\/td><td class=\"column-2\">SI<\/td><td class=\"column-3\">SI<\/td><td class=\"column-4\">SI<\/td>\n<\/tr>\n<tr class=\"row-14\">\n\t<td class=\"column-1\">12.0<\/td><td class=\"column-2\">SI<\/td><td class=\"column-3\">SI<\/td><td class=\"column-4\">SI<\/td>\n<\/tr>\n<tr class=\"row-15\">\n\t<td class=\"column-1\">15.0<\/td><td class=\"column-2\">SI<\/td><td class=\"column-3\">SI<\/td><td class=\"column-4\">SI<\/td>\n<\/tr>\n<tr class=\"row-16\">\n\t<td class=\"column-1\">18.0<\/td><td class=\"column-2\">SI<\/td><td class=\"column-3\">SI<\/td><td class=\"column-4\">SI<\/td>\n<\/tr>\n<tr class=\"row-17\">\n\t<td class=\"column-1\">21.0<\/td><td class=\"column-2\">SI<\/td><td class=\"column-3\">SI<\/td><td class=\"column-4\">SI<\/td>\n<\/tr>\n<tr class=\"row-18\">\n\t<td class=\"column-1\">24.0<\/td><td class=\"column-2\">SI<\/td><td class=\"column-3\">SI<\/td><td class=\"column-4\">SI<\/td>\n<\/tr>\n<tr class=\"row-19\">\n\t<td class=\"column-1\">32.0<\/td><td class=\"column-2\"><\/td><td class=\"column-3\">SI<\/td><td class=\"column-4\"><\/td>\n<\/tr>\n<tr class=\"row-20\">\n\t<td class=\"column-1\">38.0<\/td><td class=\"column-2\"><\/td><td class=\"column-3\">SI<\/td><td class=\"column-4\"><\/td>\n<\/tr>\n<\/tbody>\n<\/table>\n<!-- #tablepress-2 from cache --><\/div>\n\t\t\t\t\t\t<\/div>\n\t\t\t\t<div class=\"elementor-element elementor-element-0804271 elementor-widget elementor-widget-heading\" data-id=\"0804271\" data-element_type=\"widget\" data-e-type=\"widget\" data-widget_type=\"heading.default\">\n\t\t\t\t\t<h2 class=\"elementor-heading-title elementor-size-default\">PLEXIGLAS<\/h2>\t\t\t\t<\/div>\n\t\t\t\t<div class=\"elementor-element elementor-element-52e6df6 elementor-widget elementor-widget-text-editor\" data-id=\"52e6df6\" data-element_type=\"widget\" data-e-type=\"widget\" data-widget_type=\"text-editor.default\">\n\t\t\t\t\t\t\t\t\t<p><span id=\"tablepress-6-description\" class=\"tablepress-table-description tablepress-table-description-id-6\">Medida de la hoja (cm)<\/span><\/p>\t\t\t\t\t\t\t\t<\/div>\n\t\t\t\t<div class=\"elementor-element elementor-element-3660d67 elementor-widget elementor-widget-shortcode\" data-id=\"3660d67\" data-element_type=\"widget\" data-e-type=\"widget\" data-widget_type=\"shortcode.default\">\n\t\t\t\t\t\t\t<div class=\"elementor-shortcode\">\n<table id=\"tablepress-3\" class=\"tablepress tablepress-id-3\">\n<thead>\n<tr class=\"row-1\">\n\t<th class=\"column-1\">Espesor (mm)<\/th><th class=\"column-2\">122x183<\/th><th class=\"column-3\">122X244<\/th><th class=\"column-4\">183X244<\/th>\n<\/tr>\n<\/thead>\n<tbody class=\"row-striping row-hover\">\n<tr class=\"row-2\">\n\t<td class=\"column-1\">3.0<\/td><td class=\"column-2\">SI<\/td><td class=\"column-3\">SI<\/td><td class=\"column-4\">SI<\/td>\n<\/tr>\n<tr class=\"row-3\">\n\t<td class=\"column-1\">4.0<\/td><td class=\"column-2\"><\/td><td class=\"column-3\">SI<\/td><td class=\"column-4\">SI<\/td>\n<\/tr>\n<tr class=\"row-4\">\n\t<td class=\"column-1\">4.5<\/td><td class=\"column-2\">SI<\/td><td class=\"column-3\">SI<\/td><td class=\"column-4\">SI<\/td>\n<\/tr>\n<tr class=\"row-5\">\n\t<td class=\"column-1\">5.6<\/td><td class=\"column-2\">SI<\/td><td class=\"column-3\">SI<\/td><td class=\"column-4\"><\/td>\n<\/tr>\n<tr class=\"row-6\">\n\t<td class=\"column-1\">6.0<\/td><td class=\"column-2\">SI<\/td><td class=\"column-3\">SI<\/td><td class=\"column-4\">SI<\/td>\n<\/tr>\n<tr class=\"row-7\">\n\t<td class=\"column-1\">9.0<\/td><td class=\"column-2\">SI<\/td><td class=\"column-3\">SI<\/td><td class=\"column-4\">SI<\/td>\n<\/tr>\n<tr class=\"row-8\">\n\t<td class=\"column-1\">16.0<\/td><td class=\"column-2\"><\/td><td class=\"column-3\">SI<\/td><td class=\"column-4\">SI<\/td>\n<\/tr>\n<tr class=\"row-9\">\n\t<td class=\"column-1\">18.0<\/td><td class=\"column-2\">SI<\/td><td class=\"column-3\">SI<\/td><td class=\"column-4\">SI<\/td>\n<\/tr>\n<tr class=\"row-10\">\n\t<td class=\"column-1\">21.0<\/td><td class=\"column-2\">SI<\/td><td class=\"column-3\">SI<\/td><td class=\"column-4\">SI<\/td>\n<\/tr>\n<tr class=\"row-11\">\n\t<td class=\"column-1\">24.0<\/td><td class=\"column-2\">SI<\/td><td class=\"column-3\">SI<\/td><td class=\"column-4\">SI<\/td>\n<\/tr>\n<tr class=\"row-12\">\n\t<td class=\"column-1\">32.0<\/td><td class=\"column-2\">SI<\/td><td class=\"column-3\">SI<\/td><td class=\"column-4\">SI<\/td>\n<\/tr>\n<tr class=\"row-13\">\n\t<td class=\"column-1\">36.0<\/td><td class=\"column-2\">SI<\/td><td class=\"column-3\">SI<\/td><td class=\"column-4\">SI<\/td>\n<\/tr>\n<tr class=\"row-14\">\n\t<td class=\"column-1\">42.0<\/td><td class=\"column-2\">SI<\/td><td class=\"column-3\">SI<\/td><td class=\"column-4\">SI<\/td>\n<\/tr>\n<tr class=\"row-15\">\n\t<td class=\"column-1\">48.0<\/td><td class=\"column-2\">SI<\/td><td class=\"column-3\">SI<\/td><td class=\"column-4\">SI<\/td>\n<\/tr>\n<\/tbody>\n<\/table>\n<!-- #tablepress-3 from cache --><\/div>\n\t\t\t\t\t\t<\/div>\n\t\t\t\t\t<\/div>\n\t\t<\/div>\n\t\t\t\t\t<\/div>\n\t\t<\/section>\n\t\t\t\t<section class=\"elementor-section elementor-top-section elementor-element elementor-element-07c76ce elementor-section-content-middle elementor-section-boxed elementor-section-height-default elementor-section-height-default\" data-id=\"07c76ce\" data-element_type=\"section\" data-e-type=\"section\" data-settings=\"{&quot;background_background&quot;:&quot;classic&quot;}\">\n\t\t\t\t\t\t\t<div class=\"elementor-background-overlay\"><\/div>\n\t\t\t\t\t\t\t<div class=\"elementor-container elementor-column-gap-no\">\n\t\t\t\t\t<div class=\"elementor-column elementor-col-100 elementor-top-column elementor-element elementor-element-6bab6aa\" data-id=\"6bab6aa\" data-element_type=\"column\" data-e-type=\"column\">\n\t\t\t<div class=\"elementor-widget-wrap elementor-element-populated\">\n\t\t\t\t\t\t<div class=\"elementor-element elementor-element-67f4fe1 elementor-widget elementor-widget-heading\" data-id=\"67f4fe1\" data-element_type=\"widget\" data-e-type=\"widget\" data-widget_type=\"heading.default\">\n\t\t\t\t\t<h4 class=\"elementor-heading-title elementor-size-default\">\u00bfTIENES UN REQUERIMIENTO?<\/h4>\t\t\t\t<\/div>\n\t\t\t\t<div class=\"elementor-element elementor-element-59ed4ca elementor-widget elementor-widget-heading\" data-id=\"59ed4ca\" data-element_type=\"widget\" data-e-type=\"widget\" data-widget_type=\"heading.default\">\n\t\t\t\t\t<h5 class=\"elementor-heading-title elementor-size-default\">Cont\u00e1ctanos para poder recibir mas informaci\u00f3n de nuestros productos, as\u00ed como una cotizaci\u00f3n a la medida.<\/h5>\t\t\t\t<\/div>\n\t\t\t\t<section class=\"elementor-section elementor-inner-section elementor-element elementor-element-d3b87dd elementor-section-boxed elementor-section-height-default elementor-section-height-default\" data-id=\"d3b87dd\" data-element_type=\"section\" data-e-type=\"section\">\n\t\t\t\t\t\t<div class=\"elementor-container elementor-column-gap-default\">\n\t\t\t\t\t<div class=\"elementor-column elementor-col-50 elementor-inner-column elementor-element elementor-element-8087ae1\" data-id=\"8087ae1\" data-element_type=\"column\" data-e-type=\"column\">\n\t\t\t<div class=\"elementor-widget-wrap elementor-element-populated\">\n\t\t\t\t\t\t<div class=\"elementor-element elementor-element-ae96d9f elementor-align-center elementor-widget elementor-widget-button\" data-id=\"ae96d9f\" data-element_type=\"widget\" data-e-type=\"widget\" data-widget_type=\"button.default\">\n\t\t\t\t\t\t\t\t\t\t<a class=\"elementor-button elementor-button-link elementor-size-sm\" href=\"https:\/\/enixton.com\/litto\/contacto\/\" target=\"_blank\">\n\t\t\t\t\t\t<span class=\"elementor-button-content-wrapper\">\n\t\t\t\t\t\t<span class=\"elementor-button-icon\">\n\t\t\t\t<svg aria-hidden=\"true\" class=\"e-font-icon-svg e-fas-envelope\" viewBox=\"0 0 512 512\" xmlns=\"http:\/\/www.w3.org\/2000\/svg\"><path d=\"M502.3 190.8c3.9-3.1 9.7-.2 9.7 4.7V400c0 26.5-21.5 48-48 48H48c-26.5 0-48-21.5-48-48V195.6c0-5 5.7-7.8 9.7-4.7 22.4 17.4 52.1 39.5 154.1 113.6 21.1 15.4 56.7 47.8 92.2 47.6 35.7.3 72-32.8 92.3-47.6 102-74.1 131.6-96.3 154-113.7zM256 320c23.2.4 56.6-29.2 73.4-41.4 132.7-96.3 142.8-104.7 173.4-128.7 5.8-4.5 9.2-11.5 9.2-18.9v-19c0-26.5-21.5-48-48-48H48C21.5 64 0 85.5 0 112v19c0 7.4 3.4 14.3 9.2 18.9 30.6 23.9 40.7 32.4 173.4 128.7 16.8 12.2 50.2 41.8 73.4 41.4z\"><\/path><\/svg>\t\t\t<\/span>\n\t\t\t\t\t\t\t\t\t<span class=\"elementor-button-text\">COTIZAR AHORA<\/span>\n\t\t\t\t\t<\/span>\n\t\t\t\t\t<\/a>\n\t\t\t\t\t\t\t\t<\/div>\n\t\t\t\t\t<\/div>\n\t\t<\/div>\n\t\t\t\t<div class=\"elementor-column elementor-col-50 elementor-inner-column elementor-element elementor-element-93ceb17\" data-id=\"93ceb17\" data-element_type=\"column\" data-e-type=\"column\">\n\t\t\t<div class=\"elementor-widget-wrap elementor-element-populated\">\n\t\t\t\t\t\t<div class=\"elementor-element elementor-element-3442101 elementor-align-center elementor-widget elementor-widget-button\" data-id=\"3442101\" data-element_type=\"widget\" data-e-type=\"widget\" data-widget_type=\"button.default\">\n\t\t\t\t\t\t\t\t\t\t<a class=\"elementor-button elementor-button-link elementor-size-sm\" href=\"#\">\n\t\t\t\t\t\t<span class=\"elementor-button-content-wrapper\">\n\t\t\t\t\t\t<span class=\"elementor-button-icon\">\n\t\t\t\t<svg aria-hidden=\"true\" class=\"e-font-icon-svg e-fab-whatsapp-square\" viewBox=\"0 0 448 512\" xmlns=\"http:\/\/www.w3.org\/2000\/svg\"><path d=\"M224 122.8c-72.7 0-131.8 59.1-131.9 131.8 0 24.9 7 49.2 20.2 70.1l3.1 5-13.3 48.6 49.9-13.1 4.8 2.9c20.2 12 43.4 18.4 67.1 18.4h.1c72.6 0 133.3-59.1 133.3-131.8 0-35.2-15.2-68.3-40.1-93.2-25-25-58-38.7-93.2-38.7zm77.5 188.4c-3.3 9.3-19.1 17.7-26.7 18.8-12.6 1.9-22.4.9-47.5-9.9-39.7-17.2-65.7-57.2-67.7-59.8-2-2.6-16.2-21.5-16.2-41s10.2-29.1 13.9-33.1c3.6-4 7.9-5 10.6-5 2.6 0 5.3 0 7.6.1 2.4.1 5.7-.9 8.9 6.8 3.3 7.9 11.2 27.4 12.2 29.4s1.7 4.3.3 6.9c-7.6 15.2-15.7 14.6-11.6 21.6 15.3 26.3 30.6 35.4 53.9 47.1 4 2 6.3 1.7 8.6-1 2.3-2.6 9.9-11.6 12.5-15.5 2.6-4 5.3-3.3 8.9-2 3.6 1.3 23.1 10.9 27.1 12.9s6.6 3 7.6 4.6c.9 1.9.9 9.9-2.4 19.1zM400 32H48C21.5 32 0 53.5 0 80v352c0 26.5 21.5 48 48 48h352c26.5 0 48-21.5 48-48V80c0-26.5-21.5-48-48-48zM223.9 413.2c-26.6 0-52.7-6.7-75.8-19.3L64 416l22.5-82.2c-13.9-24-21.2-51.3-21.2-79.3C65.4 167.1 136.5 96 223.9 96c42.4 0 82.2 16.5 112.2 46.5 29.9 30 47.9 69.8 47.9 112.2 0 87.4-72.7 158.5-160.1 158.5z\"><\/path><\/svg>\t\t\t<\/span>\n\t\t\t\t\t\t\t\t\t<span class=\"elementor-button-text\">\u00bfDudas ? escr\u00edbenos un WhatsApp  <\/span>\n\t\t\t\t\t<\/span>\n\t\t\t\t\t<\/a>\n\t\t\t\t\t\t\t\t<\/div>\n\t\t\t\t\t<\/div>\n\t\t<\/div>\n\t\t\t\t\t<\/div>\n\t\t<\/section>\n\t\t\t\t\t<\/div>\n\t\t<\/div>\n\t\t\t\t\t<\/div>\n\t\t<\/section>\n\t\t\t\t<\/div>\n\t\t","protected":false},"excerpt":{"rendered":"<p>L\u00c1MINAS DE ACR\u00cdLICO CONOCE LAS CARACTER\u00cdSTICAS DE NUESTRAS L\u00c1MINAS DE ACRILICO Contamos con una gran gama de\u00a0l\u00e1minas de acr\u00edlico\u00a0tanto en medidas, espesores y colores. Manejamos las marcas Plexiglas\u00ae y Plasiglas\u00ae. Nuestras\u00a0l\u00e1minas de\u00a0acr\u00edlico\u00a0est\u00e1n dise\u00f1ados para soportar diferentes aplicaciones de intemperie as\u00ed como materiales corrosivos.\u00a0 APLICACIONES Puntos de venta \/ POP Letreros luminosos Muebles Iluminaci\u00f3n Seguridad Reconocimientos [&hellip;]<\/p>\n","protected":false},"author":2,"featured_media":0,"parent":0,"menu_order":0,"comment_status":"closed","ping_status":"closed","template":"elementor_header_footer","meta":{"_joinchat":[],"footnotes":""},"class_list":["post-258","page","type-page","status-publish","hentry"],"_links":{"self":[{"href":"https:\/\/enixton.com\/litto\/wp-json\/wp\/v2\/pages\/258","targetHints":{"allow":["GET"]}}],"collection":[{"href":"https:\/\/enixton.com\/litto\/wp-json\/wp\/v2\/pages"}],"about":[{"href":"https:\/\/enixton.com\/litto\/wp-json\/wp\/v2\/types\/page"}],"author":[{"embeddable":true,"href":"https:\/\/enixton.com\/litto\/wp-json\/wp\/v2\/users\/2"}],"replies":[{"embeddable":true,"href":"https:\/\/enixton.com\/litto\/wp-json\/wp\/v2\/comments?post=258"}],"version-history":[{"count":19,"href":"https:\/\/enixton.com\/litto\/wp-json\/wp\/v2\/pages\/258\/revisions"}],"predecessor-version":[{"id":562,"href":"https:\/\/enixton.com\/litto\/wp-json\/wp\/v2\/pages\/258\/revisions\/562"}],"wp:attachment":[{"href":"https:\/\/enixton.com\/litto\/wp-json\/wp\/v2\/media?parent=258"}],"curies":[{"name":"wp","href":"https:\/\/api.w.org\/{rel}","templated":true}]}}