{"id":2639,"date":"2020-01-11T16:49:31","date_gmt":"2020-01-11T22:49:31","guid":{"rendered":"https:\/\/enixton.com\/refaccionesyequipos\/?post_type=product&#038;p=2639"},"modified":"2020-01-11T16:49:31","modified_gmt":"2020-01-11T22:49:31","slug":"motobombas","status":"publish","type":"product","link":"https:\/\/enixton.com\/refaccionesyequipos\/producto\/motobombas\/","title":{"rendered":"Motobombas"},"content":{"rendered":"","protected":false},"excerpt":{"rendered":"<p>BOMBA DE AGUA R\/S 3&#215;3&#8243;<\/p>\n<p>Succi\u00f3n y descarga de 3\u201d<\/p>\n<p>Altura m\u00e1xima de descarga 30m<\/p>\n<p>Presi\u00f3n M\u00e1xima de Succi\u00f3n 8m<\/p>\n<p>Presi\u00f3n M\u00e1xima de descarga 25m<\/p>\n<p>Peso 28kg<\/p>\n<p>&nbsp;<\/p>\n<p><strong>Motor<\/strong><\/p>\n<p>Briggs &amp; Stratton de 4 tiempos<\/p>\n<p>Cilindrada: 163cc\/ 6.5Hp<\/p>\n<p>Arranque: Manual por retr\u00e1ctil<\/p>\n<p>Capacidad de tanque de combustible 3.1L<\/p>\n<p>&nbsp;<\/p>\n<p><strong>Uso<\/strong><\/p>\n<p>Agr\u00edcola<\/p>\n","protected":false},"featured_media":2640,"comment_status":"open","ping_status":"closed","template":"","meta":[],"product_brand":[],"product_cat":[59,66],"product_tag":[79],"class_list":{"0":"post-2639","1":"product","2":"type-product","3":"status-publish","4":"has-post-thumbnail","6":"product_cat-equipos","7":"product_cat-motobombas","8":"product_tag-motobombas","9":"sales-flash-overlay","10":"woocommerce-text-align-center","11":"woocommerce-image-align-center","12":"do-quantity-buttons","14":"first","15":"instock","16":"taxable","17":"shipping-taxable","18":"purchasable","19":"product-type-simple"},"_links":{"self":[{"href":"https:\/\/enixton.com\/refaccionesyequipos\/wp-json\/wp\/v2\/product\/2639","targetHints":{"allow":["GET"]}}],"collection":[{"href":"https:\/\/enixton.com\/refaccionesyequipos\/wp-json\/wp\/v2\/product"}],"about":[{"href":"https:\/\/enixton.com\/refaccionesyequipos\/wp-json\/wp\/v2\/types\/product"}],"replies":[{"embeddable":true,"href":"https:\/\/enixton.com\/refaccionesyequipos\/wp-json\/wp\/v2\/comments?post=2639"}],"version-history":[{"count":1,"href":"https:\/\/enixton.com\/refaccionesyequipos\/wp-json\/wp\/v2\/product\/2639\/revisions"}],"predecessor-version":[{"id":2641,"href":"https:\/\/enixton.com\/refaccionesyequipos\/wp-json\/wp\/v2\/product\/2639\/revisions\/2641"}],"wp:featuredmedia":[{"embeddable":true,"href":"https:\/\/enixton.com\/refaccionesyequipos\/wp-json\/wp\/v2\/media\/2640"}],"wp:attachment":[{"href":"https:\/\/enixton.com\/refaccionesyequipos\/wp-json\/wp\/v2\/media?parent=2639"}],"wp:term":[{"taxonomy":"product_brand","embeddable":true,"href":"https:\/\/enixton.com\/refaccionesyequipos\/wp-json\/wp\/v2\/product_brand?post=2639"},{"taxonomy":"product_cat","embeddable":true,"href":"https:\/\/enixton.com\/refaccionesyequipos\/wp-json\/wp\/v2\/product_cat?post=2639"},{"taxonomy":"product_tag","embeddable":true,"href":"https:\/\/enixton.com\/refaccionesyequipos\/wp-json\/wp\/v2\/product_tag?post=2639"}],"curies":[{"name":"wp","href":"https:\/\/api.w.org\/{rel}","templated":true}]}}